 - m**4/6 - 43*m**3/3 + 17*m**2 - 2*m. Let k(r) be the first derivative of z(r). Give k(-4).
4
Suppose 0 = 41*f - 1520 - 120. Let d(u) = -u**3 - 38*u**2 - 5*u + f*u**2 - 78 + 80. Calculate d(3).
-22
Let y(u) be the first derivative of -u**4/2 - 4*u**3/3 - u**2/2 + 5*u - 800. What is y(-4)?
73
Let l(v) = 2*v**2 - 10*v + 11. Let q = -3073 + 3079. Give l(q).
23
Let j(c) be the third derivative of -35*c - 1/6*c**4 - 2*c**2 + 0 + 0*c**3. Give j(-2).
8
Let a(n) = -n**3 + 7*n**2 - 11*n + 3. Let y be (-15)/(-4)*(-476)/(-357). What is a(y)?
-2
Let c(s) = -2*s + 19. Let r be ((-32)/6 + 40/30)/(18/(-36)). Calculate c(r).
3
Let d be 72/30*-2 + 3/(-15). Let z(y) = -5 - y**3 + 4 - 4*y**2 - 3 + 3*y. What is z(d)?
6
Suppose -2*p + 4*j - 4 = 0, 0*j = -p - 4*j + 4. Let a(f) = 2*f**2 - 13*f - 5. Let h be a(7). Let y(i) = -i**2 - 29 + 30 - i + h*i. Determine y(p).
1
Let o(v) be the first derivative of v**6/120 - v**4/24 - 3*v**3 - 146*v**2 + 31. Let x(u) be the second derivative of o(u). What is x(0)?
-18
Suppose 5*x + 2*z + 2 = -9, -17 = 5*x + 4*z. Let v be -27 + (x + 1 - (-4 + 1)). Let b be (v/16)/(3/2). Let s(c) = -20*c**3 - c - 1. Determine s(b).
20
Let w(y) be the third derivative of y**4/24 + 2*y**2. Suppose 4*m = -4*p + 204, -5*p - 3*m + 28 = -237. Let l = p - 51. Determine w(l).
5
Let h(a) = -a**2 - 6*a - 1. Let w be h(-5). Suppose -5*d = 2*m + 9, w*d + 7 = -5*m - 7. Let r(l) = 5*l**3 - l**2 - l - 1. Calculate r(d).
-6
Let r(j) = 9*j - 7. Let v(f) = -87 + 50 + 38. Let s(q) = r(q) + 5*v(q). Give s(-2).
-20
Let o(t) = -3*t**2 - 17*t - 33. Let k be (10 + -12)*7/(-2). Let z(x) = 4*x**2 + 26*x + 50. Let m(q) = k*o(q) + 5*z(q). What is m(13)?
-7
Let y(r) = -2*r - 239*r**3 - 16*r**2 + 719*r**3 + 0 - 4 - 238*r**3 - 243*r**3. What is y(-16)?
28
Let o = -2722 + 2729. Let m(y) = 2*y**3 - 14*y**2 - y + 13. Determine m(o).
6
Let j(r) = -r**3 - 3*r**2 + 7*r - 7. Let p = 1413 + -1419. Determine j(p).
59
Suppose 2*i + 3 = -a, 3*i - 11 = 5*a + 43. Let u be 6/a*2*(-63)/(-42). Let d(h) = -8*h + 2. Give d(u).
18
Let m(j) be the second derivative of j**4/12 - 17*j**3/6 + 26*j**2 - 4056*j. Give m(7).
-18
Let j(v) = -15*v**2 - 199*v - 45. Let u be j(-13). Let y(q) = -2*q**2 + 5*q - 11. Give y(u).
-74
Let k(t) be the third derivative of t**6/120 - t**5/3 - t**4/24 + 25*t**3/6 - 55*t**2. Calculate k(20).
5
Let q(o) = -23*o. Let f(g) = 16*g - 5. Let t(d) = 8*d - 2. Let k = -18 - -23. Let v(a) = k*t(a) - 2*f(a). Let n(j) = 6*q(j) + 17*v(j). Give n(6).
-12
Let i(l) = -l**3 - 13*l**2 - 2*l - 8. Let p be i(-13). Let a be -3*2/p*(9 + 3). Let z(j) = -5*j - 18. Calculate z(a).
2
Let v = -24675 + 24749. Let b(g) = -14*g + 1030. Determine b(v).
-6
Let o(r) = 9*r + 43 + 58 + 3*r**2 + 34 - 121. What is o(-5)?
44
Let o(p) = -p**3 + 18*p**2 + 43*p - 63. Let b be (1 - 2/(-6)) + 336/18. Determine o(b).
-3
Let f(n) be the first derivative of -n**3/3 + 15*n**2 - 43*n + 9726. What is f(28)?
13
Let k(j) be the third derivative of j**4/4 + 11*j**3/2 - 8854*j**2. Calculate k(-10).
-27
Let r be 10/(-30)*(40 - 1). Let j(v) = -v - 8. Determine j(r).
5
Let w(t) = 9*t. Let z(d) = d. Let b(o) = 5*w(o) - 15*z(o). Let m be 216/18 + 44/(-4). Give b(m).
30
Suppose -17*r = -13*r - 7*r. Let c(s) = -s**2 - s + 35. Give c(r).
35
Let p(s) = -s**2 - 3*s + 15. Let f be p(-5). Suppose 2 = 2*q + 2*d + 2*d, 4*d - 23 = -f*q. Let t(k) = -k**2 + 6*k - 10. Give t(q).
-17
Let f(m) = 66*m + 13 + 21*m**2 - 103*m + 2*m**3 + 47*m + 17. Determine f(-10).
30
Let s(i) = 8018 + 4*i - 3*i - 8045 + 0*i. Calculate s(9).
-18
Suppose 3*s - 12 = 4*s. Let z = s - -3. Let r(x) = 5*x**3 - 4*x**3 + x - 1438*x**2 - 16 + 3 + 6 + 1447*x**2 - 2*x. Give r(z).
2
Let m(g) = 5*g**3 + 4*g**3 + g - 7 - 5*g**3 - 3*g**3. Let l = 83 - 81. Let s(t) = 7*t - 14. Let y be s(l). Give m(y).
-7
Let n be 11662/(-2618) - (-6)/(-11). Let s(z) = -z**2 - 8*z + 8. Give s(n).
23
Let i(t) = t**3 + t**2 - 3*t - 2. Let v = -148 + 65. Let c = v - -53. Let z = c - -27. Give i(z).
-11
Let g be 27/(-33) + -4 - 14/77. Let w(c) = c**2 - 4*c + 10. Let a(k) = k**2. Let u(b) = -2*a(b) + w(b). Let h be u(g). Let m(j) = j**2 - 4*j + 3. What is m(h)?
8
Suppose 9*m + 14 = 3*c + 5*m, -m + 34 = 3*c. Suppose -6*d - c = -8*d. Let u(s) = s**2 - 5*s - 3. Give u(d).
-3
Let l(s) = -s - 26. Let i = 116 - 114. Suppose 4*z = i*z. Determine l(z).
-26
Let h(z) = 9*z - 2. Let t(q) = 2*q. Let k(a) = h(a) - 6*t(a). Calculate k(7).
-23
Let t be 3 + (2 - (-4)/((-4)/(-5))). Let z(h) = -8*h - h + 2*h**2 + t*h. Suppose 4*c - 4*m + 3*m + 12 = 0, -2 = -3*c - 2*m. Give z(c).
6
Let n(u) = u - 3. Let m(d) = -2. Let q(x) = -5*m(x) + 3*n(x). Let a = -35 - -33. Let p = a - -3. Give q(p).
4
Suppose -3*u - 1 = 2, -2*w + 2*u + 676 = 0. Suppose b - 8*i + 3*i - 101 = 0, w = 3*b + 2*i. Let x(g) = 108 - b - 5*g + 2*g**2 - g**2. What is x(6)?
3
Let l(t) = -972*t**2 - 979*t**2 + 1937*t**2 - 17 - t**3 + 14*t. Calculate l(-15).
-2
Let d(z) = -5*z - 151 + z**2 - 113 - 93 + 207. Give d(-10).
0
Let p(g) = 23*g + 6*g - 4 + 2*g + 14*g - 4*g**2 - g**3. Calculate p(-9).
-4
Let d(s) = -4*s - 57. Let y = -678 - -664. Calculate d(y).
-1
Let d(c) = -16*c + 2*c - 2 + 6*c - c. Let z = 315 + -313. Determine d(z).
-20
Let r = 7824 + -7804. Let s(g) = 2*g**2 - 36*g - 23. Determine s(r).
57
Let w(p) = 10*p - 145. Let n be w(15). Let t be 2 - (-5 - (0 - n) - 5). Let h(j) = -j**3 + 6*j**2 + 9*j - 10. Determine h(t).
4
Let k(o) = -o**2 + 9*o - 4. Let h = 37 - 35. Suppose 4*l - x - 24 = 0, 0 = 4*l - 0*x - h*x - 20. What is k(l)?
10
Let q(u) = -23*u - 195. Let d be q(-9). Let o(m) be the first derivative of d + 1/2*m**2 - 11*m. Give o(6).
-5
Let i(f) = -f**3 + 5*f**2 + 3*f + 1. Let s = 54 - 57. Let o be (-2 - s/2)*-10. Suppose -2*d - 21 = -o*p, 4*p - 9*d = -4*d + 10. What is i(p)?
16
Let t = 115 + -250. Let q = 137 + t. Let f(x) = x**3 - 3*x + 3. Give f(q).
5
Let x(u) = u**2 + 6*u + 2. Suppose -2*r - 2*r + c = -165, -r - 2*c + 48 = 0. Let l = 36 - r. What is x(l)?
2
Let n(v) = -17*v - 236. Let o be n(-14). Suppose 0 = w - 7*k + o*k - 3, -5*k = -2*w - 4. Let f(l) = -l**3 - 8*l**2 - 4*l + 23. Give f(w).
2
Suppose -5*n + 100 = 5*x, n + x + 56 = 4*n. Suppose n*q + 16*q - 245 = 0. Let i(f) = 3*f - 1. Give i(q).
20
Let j(s) be the second derivative of -3*s**5/20 + s**4/6 + s**3/6 - s**2 - 26553*s. Let b(r) = r - 1. Let i be b(-1). Let y be 1 + -1 + (-4)/i. Determine j(y).
-16
Let y(b) = b + 18. Suppose 258*a - 64*a = -2716. Calculate y(a).
4
Let t(q) = -3*q**2 - 20*q - 12. Let b be t(-6). Suppose 6*v + 19*v + 125 = b. Let a(s) = 3*s - 5. What is a(v)?
-20
Let c(k) be the second derivative of 2*k**3/3 + k**2 + 38*k. Let y = 36 - 33. Suppose 5*t - y*t - 5*b = -8, 2*t + 4*b = -8. Give c(t).
-14
Let v(l) be the second derivative of l**5/20 - l**4/6 - l**3 + 3*l**2 - 3*l. Suppose 526 = 8*b + 1526. Let o = 129 + b. What is v(o)?
14
Let f(n) be the second derivative of -129*n + 0 - 1/20*n**5 + 3/2*n**2 + 1/6*n**4 - 1/3*n**3. What is f(2)?
-1
Let t(d) = 3*d + 8. Let b = -677 + 665. Give t(b).
-28
Let x(b) = b**2 - 3322 + 3322 + 3*b - 2*b. Let a(m) = -3*m - 3. Let v(i) = a(i) - x(i). Give v(-2).
1
Let l(h) = h**3 - 29*h**2 - 8*h - 14. Let i be l(29). Let w = i - -256. Let b(v) = 2*v - 13. Give b(w).
7
Let b(p) = p**3 + 3*p**2 - 4. Let q(w) = -w**3 + 3*w + 2. Let j(y) = 3*b(y) + 2*q(y). Suppose 0*d = u - 4*d + 8, 2*d = -u - 8. What is j(u)?
8
Let x = -7 - -14. Let l(r) = -5*r**3 + 23*r**2 - 3*r + 16. Let m(b) = 9*b**3 - 41*b**2 + 6*b - 31. Let w(a) = -11*l(a) - 6*m(a). What is w(x)?
-11
Suppose -3*t + 2*w = 13, 2*t - 33*w + 9 = -32*w. Let h(o) = 4*o**2 + 2*o + 12. Let m(d) = 5*d**2 + 3*d + 13. Let b(n) = -6*h(n) + 5*m(n). Determine b(t).
3
Let n(l) = -l**2 - l. Let x = -3041 - -3037. Determine n(x).
-12
Let n(o) = -1 - o + 6898*o**2 - 6898*o**2 - o**3. Let a = -8 - -10. Calculate n(a).
-11
Let x(i) = -2*i + 2. Let f be x(2). Let z be ((-1)/f)/((-3)/(-36)). Let o(q) be the first derivative of q**3/3 - 9*q**2/2 - 5*q - 601. Calculate o(z).
-23
Suppose -4*x - t + 15 = 0, -3*x - 5*t + 7 = -0*t. Let d(o) = -4*o + 0 + 2 + 4 + o**2 + 3*o - x. What is d(-3)?
14
Let z be (-1)/(5 + -6 - 32/(-36)). Let w(j) = j**2 - 13*j + 12. Determine w(z).
-24
Let u(j) be the first derivative of j**3/3 - 7*j**2 - 60*j + 1091. Give u(-4).
12
Let j(t) = 33*t - 19*t + 5 - 11*t - 9*t**